Let p be 84/o*(4 + (-12)/8). What is the greatest common factor of b and p?
1
Let b be (-2)/(-3)*(-135)/(-10). Let j(u) = -u - 3*u**2 + u**3 + 0*u**2 + 24 - b*u**2 + u**2. Let t be j(11). What is the highest common factor of 65 and t?
13
Suppose 19*d + 14*d - 444 = -4*d. What is the highest common factor of d and 129?
3
Suppose 5*h - 10 = 0, 4*w - h - 44 = h. Let m(d) = d**3 + 17*d**2 + 16*d - 43. Let o be m(-16). Let n = o + 45. Calculate the highest common divisor of w and n.
2
Suppose 149 = 3*w - 3*q - 2*q, 2*q = 4*w - 180. Let c = w + -28. Let x be (15 - 322/21)*-45. Calculate the highest common factor of c and x.
15
Let f(z) = 704*z - 2784. Let x be f(7). Calculate the highest common divisor of x and 16.
16
Suppose -6*j - 22*j + 4228 = 0. Let u = -127 + j. Calculate the greatest common divisor of 8 and u.
8
Let s(q) = 9*q**2 - 17*q - 1. Let j be s(-6). Let l = j + -411. Calculate the highest common factor of 98 and l.
14
Let d(w) = 2*w**3 + 142*w**2 - 301*w - 212. Let f be d(-73). What is the greatest common factor of f and 2403?
89
Suppose 5*y - 3*k = 138, -31 = -2*y - 5*k + 18. Suppose -3*i + y = -6. Calculate the greatest common divisor of 253 and i.
11
Let o = 41 - -79. Let m(n) = 6*n**2 + 44*n + 10. Let c be m(-7). Let i be c + (7 - (-7 - 0)). What is the highest common factor of i and o?
10
Let z be (-4 - 1)*1 - -1254 - -1. What is the greatest common factor of 50 and z?
50
Let j(x) = 2*x**2 + 79*x - 28. Let o be j(20). Calculate the greatest common factor of o and 48.
48
Suppose -4*x = w + 8, 4*w = -x - x + 10. Let j be (-4 + (-58)/(-8))*w. Calculate the greatest common divisor of j and 91.
13
Let z be 44*26 - (-15 - 1)/2. Calculate the highest common divisor of 108 and z.
36
Let c be ((-710)/230 - -3*1) + (-2246772)/(-1518). Calculate the highest common factor of c and 230.
10
Suppose -11*g = -5*g. Suppose g = 11*j - 3*j - 16. Suppose -612 = -4*a - j*s, 2*a - 4*s - 273 - 53 = 0. What is the greatest common divisor of 62 and a?
31
Let l(h) = h + 8. Let j be l(-4). Suppose -12*z - j = -13*z. Let v = 73 + z. Calculate the highest common divisor of v and 11.
11
Let b(s) = s**3 - 4*s**2 - 4*s + 8. Suppose 2 = 2*a - 10. Let p be b(a). Let i = p - 20. Calculate the greatest common factor of 90 and i.
18
Let p = 630 + -618. Calculate the highest common divisor of 2436 and p.
12
Let v(g) = 421*g + 2967. Let b be v(-7). What is the highest common factor of 6890 and b?
10
Let z = 5165 - 4541. What is the greatest common divisor of 117 and z?
39
Let r be 1*(-304)/(-12)*(-6)/(-4). Suppose -r*j = -33*j - 40. Let y be -12*j*(-1 + (-2)/(-4)). Calculate the greatest common factor of 6 and y.
6
Suppose -56*s + 11596 + 3308 = 2976. Calculate the highest common factor of s and 15549.
213
Suppose -2*p + 208 = 5*c, 5*c - p - 213 = 2*p. Let z = 55 - c. Let n = 94 - 29. What is the highest common divisor of n and z?
13
Let g = 22699 - 22569. Calculate the greatest common divisor of 572 and g.
26
Let n = 319 - 333. Let y be (-5 + (-9 - -12))*5*n. Calculate the greatest common factor of 60 and y.
20
Suppose g - 4*k = -9*k - 156, 404 = -3*g + k. Let f = -126 - g. Suppose f*u - 158 = 62. Calculate the highest common divisor of 143 and u.
11
Suppose 3*p = -4*i + 383, 7*p + 15 = 10*p. What is the greatest common divisor of i and 1403?
23
Let o = 41 - 51. Let t be 35/o*20/(-7). Let c be (t - 2)*14/4. Calculate the highest common factor of 28 and c.
28
Suppose -6867 = -151*c - 72. What is the greatest common divisor of c and 1845?
45
Let c(r) = 55*r - 120. Let t = -94 + 121. Let p be c(t). What is the greatest common factor of 13 and p?
13
Suppose 5*r = -0*r + 70. Let w(x) = 18*x - 105. Let i(t) = -t**2 - 7*t + 51. Let d be i(4). Let k be w(d). Calculate the greatest common divisor of r and k.
7
Let w = 165 + -85. Suppose -8*h = -4*h. Suppose -4*l = -4*g - 0*g - 136, 5*l + 3*g - 154 = h. Calculate the greatest common factor of w and l.
16
Suppose 7*h - 2*h = 150. Suppose -r = -0*r - h. Let c = -1993 + 2003. What is the greatest common divisor of c and r?
10
Suppose 0 = -i + 5*w - 2 + 6, -3*i - 5*w + 52 = 0. Suppose 33 = -g - 0*g. Let s = -19 - g. What is the highest common divisor of s and i?
14
Let s(u) = -16*u + 107. Let j(o) = -16*o + 113. Let k(z) = 4*j(z) - 5*s(z). Let v be k(6). What is the highest common divisor of 377 and v?
13
Suppose -10*g + 6*g - 2272 = -4*f, 0 = -3*f - 3*g + 1740. What is the greatest common divisor of 42 and f?
14
Suppose 3*b = -77*b + 1280. What is the greatest common divisor of 232 and b?
8
Let z be (-345)/138*636/(-10). Calculate the highest common divisor of 33 and z.
3
Let z be (36673/52 - 3) + ((-9)/12)/3. What is the highest common factor of 91 and z?
13
Suppose 6 = 4*w + 5*c + 17, 0 = w + 3*c + 1. Let q be -396*(-15)/w*5/(-25). Calculate the greatest common divisor of 33 and q.
33
Suppose -3*q + 66 = 6. Suppose 2*y = 7*y - q. Suppose 2 = 4*j - 2*k, -39 = -4*j - y*k - 7. Calculate the highest common divisor of 3 and j.
3
Let q(g) = 2*g**2 + 61*g + 465. Let a be q(-12). Calculate the greatest common divisor of a and 5194.
7
Let l be (-832)/(-728)*7/2. Let s(k) = 97*k + 22. Let x be s(l). What is the greatest common factor of 20 and x?
10
Let v = 3601 - -19612. What is the highest common factor of 139 and v?
139
Suppose -p - 3*j = -3*p - 61, 0 = p - 5*j + 20. Let b = p + 73. Suppose -4*w - b = -182. Calculate the highest common divisor of 90 and w.
18
Suppose -77*p = -288*p - 143452 + 391799. Calculate the greatest common factor of 55 and p.
11
Let l(f) = 1448*f - 951. Let p be l(4). Calculate the greatest common divisor of p and 329.
47
Suppose -199*i = -195*i - 2*x - 124, 6*i = -5*x + 170. Calculate the highest common factor of 1830 and i.
30
Suppose 5*n - 34938 = 3*s - 5*s, -5*n = 5*s - 34935. Suppose -11*g + 3308 = -n. Calculate the highest common divisor of 104 and g.
104
Let v be (-48)/(-1)*35250/846. What is the greatest common factor of v and 1250?
250
Let z = 3 + 19. Suppose -a + z = -14. Let u be ((-2)/7)/((72/96)/(42/(-4))). Calculate the greatest common divisor of a and u.
4
Let q = 13360 + -13295. Suppose 51 = j + 5*z, 4*z - 10 = 4*j - 94. What is the highest common factor of q and j?
13
Let i(a) = a**3 - 7*a**2 + 8*a - 4. Let o(s) = -s + 6. Let l be o(0). Let j be i(l). Suppose -10*g + 6722 = 6642. What is the highest common factor of j and g?
8
Suppose 0 = 13*a + 725 + 809. Let c be (120/14)/(a/(-413)). Let p be -4*(495/(-6) + 0). Calculate the greatest common divisor of c and p.
30
Suppose -y = 97 - 241. Let h = 202 - 138. Let n = h - 28. What is the highest common divisor of y and n?
36
Suppose 15*l - 11*l + 4*a = 5368, 10 = 5*a. Calculate the highest common factor of l and 40.
20
Let h(o) = -11*o**2 + 2*o + 2. Let g be h(0). Let w be 167 - (1 + (g - 0 - 1)). Calculate the highest common factor of w and 33.
33
Let v = 684 - 636. Let p(u) be the second derivative of u**5/20 - 5*u**4/12 - 2*u**2 - u. Let s be p(6). What is the greatest common divisor of v and s?
16
Let o be 4 + (108 + -2 - -1). Let v = 20 + -18. Suppose o + 57 = v*b. What is the highest common factor of b and 12?
12
Let g(b) = -b**2 + 20*b - 6. Let r be g(17). Suppose 907 + 73 = 163*m + 33*m. What is the greatest common factor of r and m?
5
Let a be 444/(-10) - 6/(-15). Let h = a - -62. Let s(j) = 2*j**3 - 9*j**2 - 5*j + 12. Let o be s(6). Calculate the greatest common factor of h and o.
18
Suppose 3*l + 20 = -l + 2*j, -5*l - 4*j = 25. Let k(y) = -2 - 4*y - 6 - 1 + y. Let a be k(l). Calculate the highest common factor of a and 6.
6
Suppose 538 - 306 = 4*d - 2*m, 3*m = d - 68. What is the greatest common divisor of 5068 and d?
28
Suppose 3*r = 10 + 2. Suppose -6*h + 160 = 4*t - h, -r*t = 2*h - 160. Suppose -12*v + 88 = -v. What is the greatest common divisor of t and v?
8
Let f be (-2608)/(-6) + 2 + 10/(-6). Let l = -519 + 1188. Suppose -876 = -4*o + c, -5*o - c + l = -f. What is the highest common divisor of o and 20?
20
Let n be 348 + 1/(-1) + 324 + -327. Suppose -3*z + z + 3*d + 95 = 0, -2*z + 74 = 4*d. Calculate the highest common factor of z and n.
43
Let l(s) = -7*s**3 + 3*s**2 - 7*s - 17. Let b be l(-2). Let d be ((-192)/(-30))/8*b. Calculate the greatest common factor of 468 and d.
52
Suppose -16*l + 19223 = 19111. Suppose -3*h - 2*p 